 = 13*i + 6. What are the prime factors of d(m)?
2, 29
Suppose -1 - 25 = -a. What are the prime factors of (1 - (-1 + -1)) + a?
29
Suppose 492*x = 499*x - 1680. List the prime factors of x.
2, 3, 5
Let q(a) = 4*a**2 + 3*a + 3. Let p be q(-1). Suppose 7*c - 3*c - 2*y = 578, 4*y - 548 = -p*c. What are the prime factors of c?
2, 71
Suppose -7*m = -5*m. Suppose -b - 30 = -k, -2*b + 7 + 1 = m. What are the prime factors of k?
2, 17
Let z(b) = 4*b**2 + b + 2. Let o(w) = 8*w**3 - 2*w**2 - w. Let d be o(-1). Let i = d - -7. List the prime factors of z(i).
2
Let m(j) = -j**2 - 10*j - 2. Let a be m(-5). Suppose 4*g - a = 117. Let d = 9 + g. What are the prime factors of d?
2, 11
Let j(r) = 2*r**2 - 60*r - 79. What are the prime factors of j(-15)?
31, 41
Let l(a) = -a**3 + 36*a**2 + 29*a - 101. List the prime factors of l(33).
7, 19, 31
Suppose -4*i - 2805 = o - 6*o, -4*i = -3*o + 1675. List the prime factors of o.
5, 113
Let d(f) = 31*f**2 + 4*f - 36. List the prime factors of d(4).
2, 7, 17
Let k(o) = 2*o**2 - 45*o + 16. Let u be k(22). What are the prime factors of (-381)/(-6) + u/12?
3, 7
Let n be (-1 + 13)*(-2)/((-4)/13). Let j = n - 23. What are the prime factors of j?
5, 11
Suppose 7*s = 3*s. Let r(n) = -3*n**2 + 3*n - 2. Let i(h) = 4*h**2 - 4*h + 2. Let x(y) = -4*i(y) - 5*r(y). List the prime factors of x(s).
2
Suppose -7*h + 3*h + 1188 = 0. Suppose 10*u - h = 7*u. What are the prime factors of u?
3, 11
Suppose 28 = 3*o - 8. Suppose 0 = -0*c + c - o. Suppose -2*p - 4*i + c = 0, -5*p + 0*i = i - 12. List the prime factors of p.
2
Suppose 2*c - t - 2 = 2*t, 0 = -5*t + 10. Suppose 0 = -4*w - 2*k + 1050, -3*k = c*w - w - 795. Suppose 9*l - w = 4*l. What are the prime factors of l?
2, 13
Suppose -6*l - 151 = -31. What are the prime factors of ((-48)/l)/((-3)/(-90))?
2, 3
Suppose -2667 = -62*q + 61*q - 4*f, 13407 = 5*q - 4*f. What are the prime factors of q?
3, 19, 47
Let j(k) = 12*k**2 - 21*k - 5. List the prime factors of j(6).
7, 43
Suppose 0 = 275*k - 268*k - 9562. What are the prime factors of k?
2, 683
Let a = 10 + -13. Let p be ((-1)/(-3))/(a/(-108)). Let k = 17 + p. List the prime factors of k.
29
Let n be -2*(-3)/6 - (-223 - 4). Suppose d + 370 = 5*x, 5*x + 2*d - n - 127 = 0. List the prime factors of x.
73
Let x be 4*2*3/3. Let n be (1/(-4))/(x/(-2272)). Suppose -2*f - 3*b = -n, -5*f + 139 = -f + 5*b. What are the prime factors of f?
31
Suppose 5*y = l + 1, -3*l - l + 4*y = -12. Let x be 1 + 1 + 8/l. Suppose 15 = x*q + 3*g - 96, -g - 80 = -3*q. What are the prime factors of q?
3
Let i(b) = b**3 - 2*b**2 + b - 5. What are the prime factors of i(8)?
3, 43
Suppose 48 + 64 = 4*k. Let m = -67 + k. List the prime factors of (-1)/2 + m/(-6).
2, 3
Let n(a) = -35*a - 32. What are the prime factors of n(-5)?
11, 13
Let f be (68/10 - 1)/(1/5). Suppose 5*g + f - 369 = 0. What are the prime factors of g?
2, 17
Suppose 2*f = 7*f - 100. Suppose 0 = 11*x - 7*x. Suppose f = k - x*k. List the prime factors of k.
2, 5
Let n be (7 + -5)/(1/((-28)/(-8))). Let r(d) = 2*d**2 - 9*d + 13. What are the prime factors of r(n)?
2, 3
List the prime factors of (125/4)/((-6)/(-720)*6).
5
Let o(u) = -449*u - 337. What are the prime factors of o(-11)?
2, 3, 13, 59
List the prime factors of -5 - (-1354 - ((-1)/1)/(-1)).
2, 3, 5
Suppose -2*b + 7 = -c, 0*c - 4*c - 8 = 2*b. Suppose 97 = 4*q - b*q - f, -2*q = f - 107. What are the prime factors of q?
3, 17
Let z(s) = 17*s + 2. Let v(a) = a**2 - a + 1. Let t(o) = -2*v(o) - z(o). Let k be t(-10). What are the prime factors of (-3360)/k + 2/(-9)?
2, 31
Suppose 2*q = 26 - 12. Let a(i) be the third derivative of -i**6/120 + 2*i**5/15 + i**4/12 - 3*i**3/2 + 2*i**2. List the prime factors of a(q).
2, 3
Suppose -2 = 5*b - 7*b. Let c(v) = -b - 3 + 3 + 12*v - 3. What are the prime factors of c(3)?
2
Let r(c) = 3*c**2 - 25*c - 15. List the prime factors of r(-10).
5, 107
Let b(h) = 0 + 5 - 2 - 2 + 6*h. Let a be b(2). Let p(t) = t**3 - 13*t**2 + t - 11. List the prime factors of p(a).
2
Let m be (-32)/14 - (-10)/35. Let i be 5 + (0 + m)/2. Suppose 0*r - 4*v - 35 = -3*r, 3*r - 19 = -i*v. List the prime factors of r.
3
Let p = -2 + -1. Let w = 6 + p. Suppose -100 = -3*d + w*o + 2*o, 105 = 4*d - o. List the prime factors of d.
5
Let y be 1*9/12*4. Suppose y*l = -5*m + 208, 5*m = -5*l + 94 + 266. What are the prime factors of l?
2, 19
Let r(i) = i**3 - 7*i**2 + 2*i - 1. Let q be r(7). Let s = 44 - 15. Let f = s - q. List the prime factors of f.
2
Let n be (28 - 6/(-3)) + 0. Suppose -178 = -4*o + 2*p, 5*p - 53 - n = -2*o. What are the prime factors of o?
2, 11
Let g(z) = -z**2 + 7*z + 10. Let d(a) = 2*a**2 - 16*a + 8. Let v be d(8). What are the prime factors of g(v)?
2
Suppose 2*q = a + 687, 5*a = -1 + 16. List the prime factors of q.
3, 5, 23
Let g(o) = 3*o**2 + 14*o + 34. List the prime factors of g(-14).
2, 3, 71
Let z = 5 + -4. Let v = 15 + -24. What are the prime factors of z/(-3)*v*9?
3
List the prime factors of (-1054 + 5)*5/(10/(-2)).
1049
Suppose 13*n - 5623 = 7481. What are the prime factors of n?
2, 3, 7
Let q(t) = -t**2 + 14*t - 7. Let w(o) = o - 3. Let f(k) = q(k) - 3*w(k). Let j = -21 - -31. What are the prime factors of f(j)?
2, 3
Let k be (-19 + 7)/(0 - -1). Let l = k + 56. Let a = -20 + l. List the prime factors of a.
2, 3
What are the prime factors of (1 + 1)/(10 + (-6384)/639)?
3, 71
Suppose 0 = -0*o + o + 144. Let q = o - -215. Let z = -43 + q. What are the prime factors of z?
2, 7
List the prime factors of (510/(-680))/(2*(-2)/2704).
3, 13
Let w be (-186)/26 - (-8)/52. Let z = 232 + w. What are the prime factors of z?
3, 5
Let n be 6/4*(0 + 12/9). Let g(k) = 36*k**2 - 4*k + 2. List the prime factors of g(n).
2, 3, 23
Suppose -382 = -5*o - 2*t, 5*t + 64 = 5*o - 311. Suppose o = 2*f + 2*f. List the prime factors of f.
19
Let s(c) = -c - 19. Let g be s(-24). Suppose -292 = -g*l + 5*y - 62, -2*l + 117 = 3*y. What are the prime factors of l?
3, 17
Let n be -1 + -2 + (-5)/(-1). Suppose -2*z = n*z - 8. Suppose 0 = z*l + 3*m - 26, -5*l + l + m + 66 = 0. List the prime factors of l.
2
Let p = -33 + 36. Suppose -62 = -3*k - 4*f, 0 = -p*k - 2*k + 3*f + 142. What are the prime factors of k?
2, 13
What are the prime factors of (1 - -161) + (72/8 - 4)?
167
Suppose -2*w = m + 2*w - 24, 0 = -5*m - 5*w + 45. Let t be ((-2)/m)/(5/10). What are the prime factors of 15 - -1*(t + 0)?
2, 7
Suppose 12 = 5*j - 8. Let v be -2*6/j + 127. Suppose 6*c = 10*c - v. What are the prime factors of c?
31
Suppose -13*v + 16*v - 3 = 0. List the prime factors of -3 - -78 - (0 - v).
2, 19
Suppose -19*o + 10789 = -3423. List the prime factors of o.
2, 11, 17
What are the prime factors of 568*(-10 + (-138)/(-12))?
2, 3, 71
Let k be (-21)/(-5) - 6/30. Let v(s) = -s**2 + 9*s - 8. Let j be v(k). List the prime factors of (j/(-18))/(2/(-66)).
2, 11
List the prime factors of (-366)/61 + (2 - -685).
3, 227
Suppose -8*h + 43884 = 45*h. What are the prime factors of h?
2, 3, 23
What are the prime factors of (6 - 354/60) + 7169/10?
3, 239
Suppose -712 = -4*d + 116. List the prime factors of d/3 + 0/7.
3, 23
Suppose -6 = 3*l - 336. Let x = l + -229. Let d = x + 181. List the prime factors of d.
2, 31
Let h(z) = z + 57. Let n(o) = o**3 + 17*o**2 + 15*o - 16. Let b be n(-16). Suppose b = u - 2*u. What are the prime factors of h(u)?
3, 19
Let i(j) = -j**2 - 3*j. Let g be i(-1). List the prime factors of (12/4 - 4) + (g - -130).
131
Let d = -43 - -50. What are the prime factors of d/(-28) - (-349)/4?
3, 29
Suppose -772 = -4*s - 3*p + 1391, s + 2*p - 537 = 0. List the prime factors of s.
3, 181
Let z be (-2)/(3 + (-244)/80). Let k = z + -21. List the prime factors of k.
19
Suppose 6 = 3*h - 0*b + 2*b, 12 = 3*h + 4*b. Suppose -4*s + h*s = 4*y - 12, 2*s - 8 = 0. Let q(o) = -76*o**3 + o**2. What are the prime factors of q(y)?
7, 11
Suppose -a + m + 11 = 0, 3*m - 65 = -7*a + 3*a. Suppose -28 = -2*k + 4*n + a, 2*k = -3*n + 49. List the prime factors of k.
23
Let w = 70 + -37. Let z be (12/(-8) - 1)*-2. Suppose -z*t - w + 153 = 0. List the prime factors of t.
2, 3
Suppose -6*y + 3*y + 398 = 4*v, -4*v - 484 = -4*y. List the prime factors of y.
2, 3, 7
Let p = 1127 + 1075. What are the prime factors of p?
2, 3, 367
Let i(a) = -a**2 + 14*a - 12. Let u(v) = v**3 - 5*v**2 + v - 2. Let 